
0
Let l(f) = f**3 + 8*f**2 - 24*f - 142. What is l(-9)?
-7
Let w(m) = 238*m + 29243. Give w(-123).
-31
Let s(o) = 6982*o - 83781. Determine s(12).
3
Let s(o) = o**3 - 9*o**2 + 24*o - 45. Determine s(9).
171
Let i(c) = 256*c**2 - 108*c + 120. What is i(1)?
268
Let n(t) = 4955*t + 74126. Calculate n(-15).
-199
Let f(k) = 3*k**3 - 26*k**2 + 111*k - 138. Give f(2).
4
Let n(f) = 170*f**3 + 844*f**2 - 38*f - 41. Give n(-5).
-1
Let i(a) = a**3 - 30*a**2 + 177*a - 141. Give i(7).
-29
Let a(k) = -2*k**3 - 610*k**2 + 641*k + 8900. Give a(-306).
26
Let x(g) = -2*g**3 + 262*g**2 - 769*g + 47. Give x(128).
-81
Let s(a) = -3*a**3 + 51*a**2 + 462*a - 7839. Determine s(17).
15
Let z(l) = -373*l + 21938. Determine z(61).
-815
Let d(r) = r**3 - 32*r**2 + 116*r - 146. What is d(28)?
-34
Let h(u) = u**3 - 21*u**2 + 4*u - 1828. Determine h(24).
-4
Let l(i) = -58032*i - 1508835. What is l(-26)?
-3
Let j(b) = -50*b - 10912. Determine j(-115).
-5162
Let h(i) = -i**3 - 56*i - 167. What is h(-5)?
238
Let r(x) = -784*x + 28000. Determine r(35).
560
Let h(p) = -135*p**3 + 183*p**2 - 35*p + 59. Give h(2).
-359
Let i(d) = d**2 - 124*d + 695. Give i(5).
100
Let f(s) = -258193*s - 5422030. Give f(-21).
23
Let b(h) = -17301*h + 190319. Determine b(11).
8
Let n(i) = -144*i**2 - 24498*i - 3028. Give n(-170).
32
Let x(v) = 34*v - 3826. Calculate x(121).
288
Let y(f) = -2*f**3 - 17*f**2 - 49*f. What is y(-3)?
48
Let l(q) = -137*q + 3496. Calculate l(23).
345
Let b(w) = 2473*w + 808662. Give b(-327).
-9
Let v(o) = 151944*o + 303966. Give v(-2).
78
Let f(p) = p**3 + 8*p**2 - 310*p + 783. Give f(-23).
-22
Let n(h) = -h**3 + 123*h**2 - 579*h - 1264. Determine n(118).
34
Let d(z) = 3*z**3 - 139*z**2 + 377*z + 6. Give d(3).
-33
Let t(q) = -4*q**3 - 931*q**2 - 19859*q - 860. What is t(-209)?
-24
Let s(k) = 4882*k - 156139. Determine s(32).
85
Let j(z) = 1305*z - 104295. Determine j(80).
105
Let c(y) = -3*y**3 + 58*y**2 + 19*y + 109. Calculate c(20).
-311
Let u(p) = 3*p**3 - 155*p**2 - 419*p + 26565. Calculate u(51).
-6
Let x(a) = -a**3 + 14*a**2 - 29*a - 107. What is x(12)?
-167
Let t(v) = -860*v + 225971. Determine t(263).
-209
Let g(n) = 295*n + 9743. Give g(-33).
8
Let m(l) = -l**3 - 71*l**2 + 169*l + 2269. Determine m(-73).
590
Let b(l) = -l**2 - 679*l - 113992. Determine b(-304).
8
Let t(h) = -241*h**3 - 34*h**2 + 69*h + 2. Give t(2).
-1924
Let t(d) = -116*d**2 + 276*d + 5835. Determine t(-6).
3
Let j(b) = 344306*b - 16182389. Calculate j(47).
-7
Let s(u) = -1508005*u - 9048011. What is s(-6)?
19
Let v(o) = o**3 + 3*o**2 - 54*o + 293. Determine v(6).
293
Let f(q) = q**2 - 15*q - 6998. Calculate f(91).
-82
Let k(q) = -4*q**3 - 49*q**2 + 51*q + 4. Determine k(-13).
-152
Let h(i) = -2*i**2 - 204*i + 35689. Calculate h(-194).
-7
Let a(c) = -c**3 - 256*c**2 + 926*c + 171931. What is a(-257)?
-2
Let o(w) = w**2 - 21340*w + 617987. Give o(29).
-32
Let p(s) = -s**3 + 3*s**2 + 1251*s + 165. Calculate p(37).
-94
Let q(z) = -339989*z + 2719931. Calculate q(8).
19
Let c(g) = -2*g**2 + 404*g - 9786. Give c(173).
248
Let w(l) = -14998*l + 330073. What is w(22)?
117
Let s(o) = -141*o + 85270. Calculate s(605).
-35
Let t(w) = 3753*w + 48728. Calculate t(-13).
-61
Let l(m) = 5*m**3 + 706*m**2 + 5423*m - 3976. What is l(-133)?
14
Let g(j) = 3*j**3 + 34*j**2 - 99*j + 1. Determine g(-14).
-181
Let o(m) = 469*m + 88163. What is o(-188)?
-9
Let r(t) = 2*t**2 + 251*t + 1316. What is r(-120)?
-4
Let t(o) = -o**3 - 65*o**2 + 297*o + 6121. What is t(-68)?
-203
Let l(i) = -2*i**2 - 95*i + 7224. Calculate l(41).
-33
Let r(d) = -2*d**3 + 13*d**2 - 22*d - 228. Calculate r(-3).
9
Let h(j) = 16411*j + 1132359. Calculate h(-69).
0
Let x(j) = -1555*j**2 + 1085*j + 463. What is x(1)?
-7
Let q(n) = -202*n + 28157. What is q(132)?
1493
Let y(a) = -6*a**3 + 807*a**2 - 3200*a + 9. What is y(4)?
-263
Let b(o) = -107*o**2 - 24*o - 65. Give b(-5).
-2620
Let h(u) = u**3 + 18*u**2 - 690. Determine h(-15).
-15
Let g(f) = 306*f - 28793. Determine g(94).
-29
Let x(o) = -22*o**2 - 216*o - 541. What is x(-5)?
-11
Let o(z) = z**3 - 151*z**2 - 1551*z - 805. Give o(-9).
194
Let v(q) = -710*q - 50169. What is v(-73)?
1661
Let f(t) = -2778*t - 963906. Calculate f(-347).
60
Let c(i) = -i**3 + 26*i**2 + 382*i + 707. What is c(-8)?
-173
Let r(p) = 199*p - 5578. Give r(28).
-6
Let y(o) = 3371*o**2 - 6736*o - 21. What is y(2)?
-9
Let h(j) = j**3 - 15*j**2 - 212*j + 3180. What is h(15)?
0
Let u(g) = 46*g**2 + 445*g - 479. Calculate u(-13).
1510
Let v(o) = 1814*o - 7077. What is v(4)?
179
Let o(p) = -2*p**2 - 202*p - 375. Determine o(-99).
21
Let s(a) = 8187*a**2 + 65487*a - 70. What is s(-8)?
2
Let k(a) = 19081*a + 191027. Give k(-10).
217
Let w(b) = -1234*b - 33945. Give w(-27).
-627
Let d(f) = -25*f**3 + 449*f**2 - 890*f - 8. Determine d(2).
-192
Let n(k) = -365*k - 132148. Determine n(-362).
-18
Let a(w) = -w**3 - 38*w**2 - 1661*w - 59786. What is a(-37)?
302
Let y(t) = -t**2 + 218*t - 3693. Calculate y(197).
444
Let y(j) = -13*j**2 - 1246*j + 2484. Calculate y(2).
-60
Let s(z) = -1010*z + 18327. Determine s(18).
147
Let p(d) = -181490*d + 544467. Determine p(3).
-3
Let j(q) = 254645*q + 3819680. Give j(-15).
5
Let z(c) = -18691*c - 205605. Calculate z(-11).
-4
Let g(j) = j**3 + 41*j**2 + 1164*j + 9782. What is g(-12)?
-10
Let g(d) = 17*d**2 - 14449*d - 44378. Give g(853).
-22
Let y(x) = 2390*x + 90152. Give y(-37).
1722
Let h(i) = -2*i**3 + 633*i**2 - 1572*i + 258. Calculate h(314).
-370
Let u(p) = -1803*p**3 - 4*p**2 - 186*p + 186. What is u(1)?
-1807
Let t(m) = -365067*m + 17523224. Determine t(48).
8
Let o(m) = -994*m + 59451. What is o(59)?
805
Let p(j) = -j**3 + 183*j**2 - 1916*j + 42. Give p(11).
-222
Let v(q) = q**3 + 35*q**2 - 304*q - 233. Determine v(-42).
187
Let q(n) = -n**3 + 28*n**2 - 41*n - 1721. Calculate q(23).
-19
Let q(t) = -78*t**2 + 618*t + 27. Give q(8).
-21
Let i(a) = a**2 + 1172*a + 204216. What is i(-213)?
-51
Let k(b) = -b**2 - 422*b - 33806. Calculate k(-111).
715
Let i(y) = y**2 - 460*y + 45690. Give i(145).
15
Let i(g) = g**3 - 311*g**2 + 3681*g + 57523. What is i(298)?
9
Let q(j) = 749*j + 38969. Determine q(-52).
21
Let t(a) = 26*a**2 - 277*a - 87. Give t(11).
12
Let x(q) = 2*q**3 - 6*q**2 - 21*q + 5. Calculate x(-2).
7
Let q(h) = 10396*h - 62140. Determine q(6).
236
Let j(y) = 9*y**2 + 136*y - 379. What is j(-16)?
-251
Let g(v) = 40*v**2 + 336*v + 270. Give g(-6).
-306
Let p(n) = -32*n + 14186. Calculate p(442).
42
Let i(c) = 39434*c - 78897. Give i(2).
-29
Let x(u) = 2396*u - 18885. Calculate x(7).
-2113
Let w(p) = 29*p**3 + 21*p**2 + 66*p - 13. Determine w(-3).
-805
Let z(n) = 636*n - 29835. Determine z(47).
57
Let q(t) = 72*t**3 - 927*t**2 - 30*t - 23. Determine q(13).
1108
Let r(w) = -5*w**2 - 1974*w - 49476. Determine r(-368).
-164
Let u(l) = 782*l + 9749. Give u(-9).
2711
Let b(m) = 69*m + 2698. What is b(19)?
4009
Let l(a) = 3*a**3 + 187*a**2 + 2823*a + 205. Give l(-36).
961
Let g(l) = 10*l**3 + 6240*l**2 + 6*l + 3996. Determine g(-624).
252
Let m(h) = -2108*h + 212866. What is m(101)?
-42
Let s(v) = v**3 + 76*v**2 + 8*v + 12769. What is s(-78)?
-23
Let y(r) = -r**2 - 10*r + 1371. Determine y(36).
-285
Let p(c) = 31*c + 355. Calculate p(-10).
45
Let c(r) = 11*r**2 - 1387*r + 35685. Determine c(36).
9
Let m(n) = -n**3 - 89*n**2 - 1819*n - 84. What is m(-32)?
-244
Let m(j) = -j**3 + 203*j**2 - 1009*j + 3772. What is m(198)?
10
Let v(w) = -7764*w + 47942. Determine v(6).
1358
Let q(j) = 5*j**3 - 1496*j**2 - 2477*j - 69838. Calculate q(301).
-6
Let k(n) = 8*n**3 - 415*n**2 - 84*n + 1658. What is k(52)?
-6
Let q(h) = 1895*h + 437664. Give q(-231).
-81
Let t(v) = 196554*v + 16707096. What is t(-85)?
6
Let z(d) = -2*d**3 - 825*d**2 - 410*d + 332. Determine z(-412).
-492
Let r(v) = -3*v**2 + 190*v - 1637. Determine r(39).
1210
Let u(a) = -35*a**3 + 15*a**2 + 2*a + 20. Give u(5).
-3970
Let s(j) = j**3 - 75*j**2 - 5181*j + 387971. What is s(76)?
-9
Let o(j) = 2*j**3 + 109*j**2 + 1550*j + 1767. Determine o(-28).
-81
Let m(k) = -k**3 + 172*k**2 - 201*k + 5203. What is m(171)?
73
Let l(g) = -g**2 - 824*g + 830262. What is l(588)?
6
Let v(q) = 2527*q + 29997. What is v(-12)?
-327
Let i(j) = 3*j**3 + 101*j**2 + 70*j + 572. What is i(-31)?
6090
Let t(l) = 1022*l**2 + 28618*l + 47. Give t(-28).
-9
Let g(s) = 3